*d**2 + 59*d + 657. Is p(32) a composite number?
True
Suppose -4*a = b - 8, -2 = -a + 3*b - 7*b. Suppose a*w = 4*o + 4*w - 4, -3*w = 3*o. Suppose 178 = c - o*v - 613, 0 = -4*c + v + 3185. Is c a composite number?
False
Suppose 2*u = 4*a + 1560222, -3*a + 3960969 = 5*u + 60362. Is u a composite number?
False
Suppose -4*v + 8 = 72*a - 74*a, v - 2 = 0. Suppose 0 = -2*x - 3*i + 2097 - 343, -5*x + 4*i + 4339 = a. Is x composite?
True
Suppose -3480 = -13*q - 16*q. Suppose 126*d - 113934 = q*d. Is d composite?
True
Let a = 194291 + 259178. Is a a prime number?
False
Suppose 45*f = 18*f - 65*f + 20619224. Is f a composite number?
True
Suppose -2*b = -z + 19919, -2*z - 2*b + 59741 = z. Suppose -3*o - 2*o + z = 0. Is o prime?
False
Suppose 0 = -5*i - 5*i. Suppose i = 4*c - 57885 - 2591. Is c prime?
False
Suppose -20037*f = -20045*f + 8065096. Is f composite?
True
Suppose 0 = 3*s - s - 4. Suppose -4*u + 9 - 7 = -s*h, -12 = -3*u - 2*h. Suppose 8*y - u*y = 5730. Is y composite?
True
Let d(j) = -318*j - 104. Let z(h) = 106*h + 35. Let s(w) = -6*d(w) - 17*z(w). Is s(8) a prime number?
True
Let h = 117481 + -44066. Is h prime?
False
Let s be (0 - (6 - 3))/(-3). Let p(u) = 2460*u**3 - 2*u**2 + 3*u - 2. Is p(s) a prime number?
True
Let a be 5/((-90)/(-7014))*3. Let d = 890 + a. Is d a prime number?
False
Let w(p) = -583*p**3 - 12*p**2 - 2*p + 28. Is w(-5) composite?
False
Let p(j) = -2*j**3 - 42*j**2 + 7*j - 71. Let c be (4 - 3)/(2/(-68)). Is p(c) a prime number?
False
Suppose -3*m + 6*m = p + 16, -28 = -5*m + 2*p. Suppose -m = 5*x - 19. Is (-5)/2*((-4044)/10)/x prime?
True
Let o(g) = -220 + 106 + 97 - 932*g - 723*g. Is o(-8) composite?
True
Suppose 0 = 3*y + 3*w - 174, 0 = -5*y + 5*w + 102 + 188. Let a = -97 - 204. Let z = y - a. Is z a prime number?
True
Let j = 2292483 - 691042. Is j composite?
False
Let o be (-10676585)/(-1060) - 1/((-8)/6). Suppose -17*u + 4*j + 30167 = -14*u, -u - 3*j + o = 0. Is u a prime number?
True
Is (-8)/(-28) + (-1585347)/(-21) prime?
False
Let v(h) = -34*h**3 - h**2 - 3*h + 2. Let d be v(2). Let n be (1 + (-7)/4)*d/(-10). Let j = 1082 - n. Is j a prime number?
True
Let r(h) = 10*h**2 - 56*h - 3. Let y(p) = -3*p**2 + 19*p + 1. Let o(m) = 2*r(m) + 7*y(m). Let w be (-1096)/(-72) + 4/(-18). Is o(w) prime?
False
Suppose 0 = -4*y + 24, -287*z + 292*z + 2*y = 5689607. Is z composite?
False
Let s be 4/(-34) + (2568/(-136) - -7). Let z(w) be the third derivative of -w**5/60 - 9*w**4/8 + 7*w**3/6 - 3*w**2. Is z(s) composite?
True
Let f = -114 + -52. Let t be f/(-3)*(-45)/(-2). Suppose 0*u - 5*m = u - 628, 2*u = m + t. Is u prime?
False
Let r(s) = -s**3 - 21*s**2 + 51*s - 27. Let j be r(-22). Let u = j + 1202. Let g = u + -244. Is g a prime number?
True
Is 30/(-20)*(606012/(-42))/(6/14) prime?
False
Suppose 3*q = -18*h + 13*h + 46312, -1 = h. Is q a composite number?
False
Let h = 68 + -65. Suppose 10 = d - 5*f, -3*d + d + h*f + 13 = 0. Suppose i = 2*i + d*t - 84, -5 = -t. Is i composite?
False
Let p(i) = 3*i**2 + 21*i + 22. Let a be p(-6). Suppose a*d - 17*c - 168874 = -22*c, -4*c + 168876 = 4*d. Is d a prime number?
True
Let n(b) = 24*b**2 + 21*b + 22. Let z(t) = 23*t**2 + 21*t + 23. Let r(w) = -6*n(w) + 7*z(w). Is r(-13) prime?
False
Suppose 4*b = 6*b + 10, 0 = -2*c - 3*b - 7. Suppose y - 2170 = 2*k + 121, 0 = c*k. Is y composite?
True
Suppose -5*r - 3*v - 2*v - 1565 = 0, -3*r + 2*v = 924. Is 62/r - 109372/(-10) a prime number?
True
Let p = 9185 + 52986. Is p a prime number?
True
Suppose 5*d + 5*i - 3*i = 102, 0 = 4*d + i - 81. Let r(g) = 164*g - 231. Is r(d) prime?
True
Suppose -k + 4*g + 105241 = 0, 5*k + 2*g - 298552 - 227741 = 0. Is k a composite number?
True
Let z(s) = -s + 1. Let i(c) be the third derivative of c**6/3 + c**5/20 + 7*c**4/24 + c**3/6 - 32*c**2. Let d(n) = -i(n) - 6*z(n). Is d(-3) a prime number?
True
Let x(o) = -o**3 - 9*o**2 - 11*o + 7. Let i be x(-2). Let z(r) = 13973*r**3 - 2*r**2 + 12*r - 10. Is z(i) a prime number?
False
Let y = -380 - -383. Suppose 7*f = -c + 5*f + 61127, c - 61112 = y*f. Is c a prime number?
True
Let y = -192 - 412. Let s = y + 3767. Is s a prime number?
True
Let v be (-121)/(-33) + 5/15. Suppose -19*w = -14*w - 4*s - 49701, v*s - 49709 = -5*w. Is w a prime number?
True
Suppose 47*g - 57755 = 42*g + 5*t, 5*g + 3*t - 57739 = 0. Is g a composite number?
False
Suppose 3132 + 172352 = 76*m. Is m prime?
True
Suppose -22*x = -31*x - 36. Is 19/76 - 2523/x a composite number?
False
Let v(t) = -490*t + 9. Let k be v(-15). Suppose 0 = -u + 2*m + k, 4*m + 431 = -u + 7820. Is u prime?
True
Let v(x) = x**3 + 5*x**2 - 12*x - 21. Let m be v(-6). Let p(u) = -3 + 64*u**2 + 3*u - m*u + 2*u + 3*u. Is p(-4) composite?
False
Let m(d) = d - 1. Let n(u) = -1424*u - 159. Let h(c) = -4*m(c) + n(c). Is h(-4) prime?
True
Let h = 14418 + -5790. Suppose -8289 = -3*l + h. Is l composite?
False
Let k(d) = -7*d**2 - 14*d + 16. Let s be k(-10). Let v = 1932 - 651. Let x = v + s. Is x prime?
False
Let w = 45 - 41. Suppose 3*f = w*x - 13787, 2*f = -5*x + 13827 + 3424. Is x composite?
False
Suppose 43*u - 8118 = 52*u. Let s = u - -1525. Is s prime?
False
Let r(l) = -l + 2. Let h be r(4). Let t(k) = -k**2 + k - 1. Let n(f) = 296*f**3 + 2*f**2 - 11*f + 2. Let s(g) = -n(g) - 5*t(g). Is s(h) a composite number?
False
Let y(x) = 4*x**2 + x - 2. Let l(u) = 4*u**2 + u - 1. Let s be l(1). Suppose 29 = s*g - 7. Is y(g) composite?
False
Is (-1)/3*(98 - 437195) a composite number?
True
Suppose 0 = 55*b - 63*b + 144. Suppose 92663 = b*x - 191143. Is x a prime number?
True
Suppose 195753 = -147*z + 901270 + 1784222. Is z composite?
False
Suppose 4*d - 135167 = -3*u, -3*d + 5*u - 44209 = -145577. Is d composite?
False
Let h = -71 - -72. Let t be 0*(1/(-3))/(-2 + h). Suppose -6*i + 9*i - 3633 = t. Is i prime?
False
Let u = -63191 - -480898. Is u a composite number?
True
Suppose 60*z + 5*v = 63*z - 86917, -20 = -5*v. Is z a prime number?
True
Let y be (5/10)/((-7)/(-322)). Suppose 28970 = y*a - 38351. Is a composite?
False
Suppose 0 = -100*n - 43*n + 4216069. Is n a prime number?
True
Suppose 3*j - 949 = -109. Let t = 1901 - j. Is t a composite number?
False
Let p be (-9 + 13)/(2/1460). Suppose -w - f = -p, w = -4*w + 2*f + 14607. Is w composite?
True
Let b(z) be the first derivative of -z**4/4 + 11*z**3/3 + 2*z**2 + 19*z - 2. Let c = -3914 + 3906. Is b(c) a composite number?
True
Suppose -8*n - 8*n + 41712 = 0. Suppose 47*z = 14*z + n. Is z prime?
True
Let l(s) = 62*s**3 - 5*s + 5. Let u be 248/12*(-12)/(-8). Let d = u + -29. Is l(d) a prime number?
True
Let p(h) = -1816*h + 837. Is p(-74) a composite number?
False
Let t = -197760 + 331857. Is t prime?
False
Suppose -g - 4*g + 4*k - 18348 = 0, -2*g - 7340 = -2*k. Let z = g - -7869. Is z prime?
True
Let h(a) = 40982*a + 825. Is h(10) prime?
False
Let b(r) = 16689*r**2 - 7*r + 11. Let x be b(2). Suppose -f - 8*f = -x. Is f prime?
True
Let p = -865472 - -1452503. Is p a prime number?
False
Suppose -17371870 = -180*r - 110*r. Is r prime?
False
Let o = 56 - 42. Suppose -2*u = -0*u - 3*h + 2, -3*h = -5*u - o. Let d(b) = -2*b + 15. Is d(u) a composite number?
False
Let w = -43 + 43. Suppose w = 8*f - f - 21. Suppose f*b = 118 + 11. Is b a composite number?
False
Let s = -60 - -54. Let w be (-3)/(-9) - 16/s. Suppose -w*k + 1644 = 3*a - 0*k, 5*k = -25. Is a prime?
False
Suppose -t + u = -16, 0*t - 3*t = 2*u - 73. Suppose t*q = 19*q. Let h(w) = -w**3 + w**2 + 673. Is h(q) prime?
True
Suppose 93*w = 87*w + 150. Suppose -w*a - 128177 = -30*a + 3*k, 4*k = -a + 25617. Is a composite?
False
Suppose -4*v = -3*v, 3*v - 72180 = 5*x. Let y = -7163 - x. Is y composite?
True
Is (-8)/(-120) - ((-617934)/90 + 1) prime?
False
Let h(m) be the first derivative of 2719*m**2/2 + 10*m + 64. Is h(1) a prime number?
True
Suppose 308 = 3*u - 253. Let s = 564 + u. Is s composite?
False
Suppose -2*a - 6*b + 6318 = -7*b, 2*a + 3*b - 6334 = 0. Suppose 0 = -4*o - 5*d + 4171, -4*o + a + 998 = d. Suppose u + 0*u = o. Is u a composite number?
False
Let p be (-11378)/(-8) + (-4)/16. Suppose -5*c = 4*c + p. Let r = c - -565. Is r composite?
True
Is (3218381/9 + 24/(-108))/(2/6) composite?
False
Suppose -5*t = 4*n - 341, 0*t = -5*n - t + 421. Let f be (n/(-63))/(3/((-9)/2)). Suppose -3*l + 3779 = 6*g - f*g, 5*l = 4*g + 6245. Is l c